
95
What is the greatest common factor of 14 and 5643435?
7
What is the greatest common factor of 2475 and 97416?
99
Calculate the greatest common factor of 19129 and 6512.
407
What is the greatest common factor of 706382 and 116?
58
Calculate the highest common factor of 280330 and 2910.
970
Calculate the highest common divisor of 315790 and 230.
230
What is the highest common divisor of 192 and 838560?
96
What is the greatest common divisor of 784 and 882?
98
What is the highest common factor of 11703 and 4512?
141
Calculate the greatest common divisor of 5 and 7447.
1
Calculate the greatest common factor of 8 and 2333.
1
Calculate the greatest common factor of 29692 and 52.
52
Calculate the highest common divisor of 63 and 47985.
21
Calculate the greatest common factor of 31 and 5207101.
31
Calculate the highest common factor of 33 and 1263009.
33
What is the greatest common divisor of 25041 and 2958?
51
What is the highest common factor of 405 and 227790?
45
Calculate the greatest common factor of 962 and 104.
26
What is the highest common divisor of 250002 and 23579?
323
What is the highest common divisor of 6936 and 327?
3
What is the greatest common factor of 2752 and 93740?
172
What is the highest common divisor of 3423714 and 336?
42
Calculate the greatest common factor of 2235 and 1815.
15
What is the highest common divisor of 1350 and 13770?
270
What is the greatest common factor of 3500 and 137340?
140
What is the highest common factor of 15 and 21205?
5
What is the greatest common divisor of 7164 and 297?
9
Calculate the highest common factor of 15807 and 858.
33
What is the greatest common divisor of 208 and 820?
4
Calculate the highest common divisor of 2090 and 133870.
110
Calculate the highest common divisor of 730 and 160746.
146
What is the highest common divisor of 40 and 660?
20
What is the greatest common factor of 956 and 2428?
4
What is the greatest common factor of 2586 and 30?
6
What is the highest common divisor of 3420 and 234783?
171
Calculate the greatest common factor of 87604 and 220.
44
What is the highest common divisor of 210 and 6201510?
210
Calculate the highest common divisor of 17192 and 4.
4
Calculate the highest common divisor of 8888 and 4664.
88
Calculate the highest common divisor of 237846 and 8232.
294
What is the highest common divisor of 1909458 and 172?
86
What is the highest common factor of 874 and 33668?
38
Calculate the highest common factor of 8380 and 609226.
838
Calculate the greatest common factor of 20535 and 206719.
1369
Calculate the greatest common factor of 9579 and 2232.
93
What is the greatest common divisor of 401532 and 6?
6
Calculate the greatest common divisor of 2016072 and 12.
12
Calculate the highest common factor of 261648 and 54096.
1104
Calculate the greatest common factor of 55200 and 70.
10
What is the highest common factor of 546 and 13377?
273
What is the highest common divisor of 253924 and 4466?
638
What is the highest common divisor of 232 and 5334376?
232
Calculate the greatest common factor of 259 and 1036.
259
Calculate the highest common factor of 630 and 2506.
14
What is the highest common factor of 392698 and 246?
82
What is the greatest common factor of 3817 and 57949?
347
Calculate the greatest common factor of 196027 and 9282.
221
What is the greatest common factor of 406 and 4151756?
406
Calculate the greatest common factor of 636486 and 1032.
258
What is the highest common divisor of 6860 and 129500?
140
Calculate the highest common factor of 71683 and 3977.
97
Calculate the highest common factor of 694130 and 2296.
82
Calculate the highest common divisor of 91 and 52949.
13
What is the greatest common divisor of 4671 and 58647?
519
Calculate the greatest common factor of 14 and 1538782.
14
Calculate the highest common divisor of 61 and 5709478.
61
What is the highest common divisor of 138 and 18429?
3
Calculate the highest common divisor of 21 and 236355.
21
What is the highest common divisor of 2059278 and 34?
34
What is the greatest common divisor of 55 and 5115?
55
Calculate the highest common factor of 1455 and 1995.
15
Calculate the highest common factor of 76 and 367156.
76
Calculate the highest common divisor of 72673 and 5.
1
Calculate the highest common factor of 229192 and 8.
8
Calculate the highest common factor of 1500 and 81700.
100
What is the greatest common factor of 150 and 14544?
6
Calculate the greatest common factor of 17040 and 32240.
80
Calculate the greatest common divisor of 14308 and 2156.
196
What is the greatest common divisor of 72 and 3038184?
72
Calculate the greatest common factor of 392 and 121912.
392
Calculate the highest common factor of 579609 and 27.
27
Calculate the highest common divisor of 3542667 and 207.
69
What is the greatest common divisor of 3196 and 2?
2
Calculate the highest common factor of 64672 and 752.
752
What is the greatest common divisor of 262 and 169514?
262
Calculate the highest common divisor of 531 and 530528.
59
What is the highest common divisor of 63583 and 1742?
871
Calculate the greatest common divisor of 278566 and 341.
31
Calculate the greatest common factor of 260 and 5356.
52
What is the highest common factor of 152064 and 2088?
72
Calculate the greatest common divisor of 401506 and 42.
14
Calculate the highest common factor of 30932 and 114.
38
What is the highest common divisor of 1035 and 495?
45
What is the highest common divisor of 416019 and 12423?
303
Calculate the greatest common factor of 9716 and 1232.
28
Calculate the highest common divisor of 14326 and 45182.
1102
What is the highest common factor of 729 and 7857?
81
What is the highest common factor of 114 and 44422?
38
What is the highest common divisor of 6615 and 594?
27
What is the greatest common factor of 5376 and 5244?
12
What is the greatest common factor of 290049 and 327?
327
Calculate the greatest common factor of 7029 and 14697.
639
What is the greatest common divisor of 329 and 288439?
47
What is the greatest common factor of 460143 and 522?
261
Calculate the highest common divisor of 731 and 577.
1
Calculate the greatest common divisor of 4599 and 4788.
63
Calculate the highest common factor of 4078749 and 1317.
1317
What is the highest common factor of 177446 and 2456?
614
Calculate the highest common divisor of 13 and 1602107.
13
What is the greatest common divisor of 270 and 1782918?
54
Calculate the highest common divisor of 1365 and 83460.
195
What is the highest common divisor of 1836382 and 202?
202
What is the greatest common divisor of 7660 and 60?
20
Calculate the greatest common divisor of 19043 and 2055.
137
Calculate the greatest common divisor of 88 and 7064.
8
Calculate the greatest common factor of 40488 and 60.
12
Calculate the highest common divisor of 817 and 1957.
19
Calculate the greatest common divisor of 1938 and 190.
38
What is the highest common factor of 560124 and 3?
3
What is the highest common divisor of 30 and 150090?
30
Calculate the greatest common factor of 57 and 1159.
19
Calculate the highest common divisor of 232323 and 273.
273
What is the greatest common divisor of 50 and 3618350?
50
What is the highest common factor of 3717 and 567?
63
Calculate the greatest common divisor of 83878 and 34.
34
Calculate the highest common factor of 40133 and 201.
67
Calculate the highest common divisor of 23412 and 876.
12
What is the highest common factor of 122235 and 1015?
145
Calculate the greatest common divisor of 24 and 48440.
8
What is the greatest common factor of 2220 and 1826690?
370
What is the greatest common divisor of 65857 and 11?
11
What is the greatest common factor of 1281 and 313479?
183
What is the highest common divisor of 1779297 and 13416?
1677
Calculate the greatest common divisor of 34789 and 228.
19
Calculate the greatest common factor of 58705 and 14160.
295
What is the greatest common divisor of 182496 and 72?
24
Calculate the highest common factor of 1026 and 87.
3
What is the highest common divisor of 45 and 249309?
9
What is the highest common divisor of 29604 and 12?
12
What is the greatest common factor of 1421 and 3563?
7
Calculate the highest common divisor of 37430 and 12730.
190
Calculate the greatest common factor of 117218 and 2322.
86
What i